047?
7
What is the tens digit of 100259?
5
What is the units digit of 5894?
4
What is the hundreds digit of 593?
5
What is the units digit of 41772?
2
What is the units digit of 3898?
8
What is the hundreds digit of 2449?
4
What is the units digit of 22284?
4
What is the tens digit of 1456?
5
What is the thousands digit of 14524?
4
What is the hundreds digit of 21616?
6
What is the thousands digit of 8148?
8
What is the tens digit of 240?
4
What is the thousands digit of 27232?
7
What is the units digit of 592?
2
What is the ten thousands digit of 21951?
2
What is the ten thousands digit of 29132?
2
What is the tens digit of 32832?
3
What is the tens digit of 13360?
6
What is the hundreds digit of 183064?
0
What is the hundreds digit of 2338?
3
What is the thousands digit of 7877?
7
What is the units digit of 5293?
3
What is the tens digit of 37025?
2
What is the thousands digit of 2061?
2
What is the hundreds digit of 1370?
3
What is the units digit of 51540?
0
What is the tens digit of 3603?
0
What is the ten thousands digit of 10129?
1
What is the hundreds digit of 203?
2
What is the thousands digit of 2147?
2
What is the hundreds digit of 7004?
0
What is the hundreds digit of 4331?
3
What is the tens digit of 1118?
1
What is the tens digit of 3401?
0
What is the thousands digit of 7938?
7
What is the tens digit of 7530?
3
What is the units digit of 1649?
9
What is the units digit of 3587?
7
What is the tens digit of 4120?
2
What is the units digit of 369?
9
What is the tens digit of 7133?
3
What is the ten thousands digit of 61007?
6
What is the thousands digit of 132198?
2
What is the hundreds digit of 14558?
5
What is the hundreds digit of 3103?
1
What is the hundreds digit of 7015?
0
What is the tens digit of 822?
2
What is the hundreds digit of 60487?
4
What is the hundreds digit of 1933?
9
What is the thousands digit of 2189?
2
What is the hundreds digit of 656?
6
What is the hundreds digit of 6132?
1
What is the ten thousands digit of 35645?
3
What is the ten thousands digit of 21593?
2
What is the thousands digit of 6014?
6
What is the hundreds digit of 444?
4
What is the thousands digit of 55774?
5
What is the hundreds digit of 21437?
4
What is the ten thousands digit of 69116?
6
What is the units digit of 88211?
1
What is the tens digit of 1146?
4
What is the units digit of 3772?
2
What is the units digit of 73517?
7
What is the tens digit of 755?
5
What is the units digit of 882?
2
What is the tens digit of 749?
4
What is the hundreds digit of 1611?
6
What is the thousands digit of 91775?
1
What is the thousands digit of 2614?
2
What is the tens digit of 230?
3
What is the hundreds digit of 838?
8
What is the hundreds digit of 4093?
0
What is the thousands digit of 5276?
5
What is the hundreds digit of 809?
8
What is the thousands digit of 18116?
8
What is the units digit of 61809?
9
What is the hundreds digit of 7413?
4
What is the units digit of 838?
8
What is the thousands digit of 59853?
9
What is the units digit of 47281?
1
What is the tens digit of 6390?
9
What is the hundreds digit of 6808?
8
What is the units digit of 987?
7
What is the hundreds digit of 6081?
0
What is the tens digit of 805?
0
What is the units digit of 3544?
4
What is the hundreds digit of 2004?
0
What is the hundreds digit of 401?
4
What is the tens digit of 5207?
0
What is the hundreds digit of 1346?
3
What is the thousands digit of 3538?
3
What is the ten thousands digit of 94422?
9
What is the thousands digit of 23060?
3
What is the units digit of 837?
7
What is the tens digit of 5223?
2
What is the hundreds digit of 58036?
0
What is the units digit of 1546?
6
What is the units digit of 563?
3
What is the hundreds digit of 14155?
1
What is the tens digit of 1013?
1
What is the units digit of 3986?
6
What is the units digit of 2151?
1
What is the tens digit of 53?
5
What is the thousands digit of 1252?
1
What is the thousands digit of 91607?
1
What is the thousands digit of 2729?
2
What is the hundreds digit of 27646?
6
What is the tens digit of 3815?
1
What is the hundreds digit of 11979?
9
What is the tens digit of 47451?
5
What is the units digit of 3026?
6
What is the ten thousands digit of 31050?
3
What is the hundreds digit of 3414?
4
What is the units digit of 1416?
6
What is the units digit of 14156?
6
What is the tens digit of 95077?
7
What is the thousands digit of 117235?
7
What is the tens digit of 1266?
6
What is the ten thousands digit of 33221?
3
What is the tens digit of 5574?
7
What is the tens digit of 4314?
1
What is the hundreds digit of 209?
2
What is the ten thousands digit of 15424?
1
What is the hundreds digit of 10494?
4
What is the thousands digit of 14136?
4
What is the tens digit of 17014?
1
What is the tens digit of 121216?
1
What is the thousands digit of 20619?
0
What is the units digit of 31318?
8
What is the units digit of 87?
7
What is the thousands digit of 6338?
6
What is the hundreds digit of 889?
8
What is the thousands digit of 14283?
4
What is the hundreds digit of 13883?
8
What is the hundreds digit of 97868?
8
What is the tens digit of 2649?
4
What is the hundreds digit of 20415?
4
What is the units digit of 40067?
7
What is the thousands digit of 2570?
2
What is the tens digit of 4511?
1
What is the hundreds digit of 482?
4
What is the ten thousands digit of 22221?
2
What is the hundreds digit of 5792?
7
What is the thousands digit of 7277?
7
What is the thousands digit of 4064?
4
What is the tens digit of 697?
9
What is the hundreds digit of 17804?
8
What is the tens digit of 1744?
4
What is the thousands digit of 1281?
1
What is the hundreds digit of 54860?
8
What is the hundreds digit of 872?
8
What is the units digit of 36503?
3
What is the units digit of 26460?
0
What is the units digit of 120?
0
What is the tens digit of 10506?
0
What is the tens digit of 20314?
1
What is the tens digit of 447?
4
What is the tens digit of 1077?
7
What is the hundreds digit of 849?
8
What is the tens digit of 30835?
3
What is the units digit of 17624?
4
What is the ten thousands digit of 26918?
2
What is the units digit of 25629?
9
What is the tens digit of 4497?
9
What is the tens digit of 1259?
5
What is the thousands digit of 58848?
8
What is the thousands digit of 1516?
1
What is the units digit of 2768?
8
What is the tens digit of 2286?
8
What is the units digit of 16473?
3
What is the thousands digit of 69165?
9
What is the units digit of 333?
3
What is the tens digit of 1180?
8
What is the thousands digit of 14397?
4
What is the hundreds digit of 515?
5
What is the tens digit of 4502?
0
What is the units digit of 6346?
6
What is the hundreds digit of 751?
7
What is the hundreds digit of 13039?
0
What is the thousands digit of 20864?
0
What is the thousands digit of 7291?
7
What is the thousands digit of 22093?
2
What is the tens digit of 12612?
1
What is the hundreds digit of 67768?
7
What is the units digit of 5967?
7
What is the thousands digit of 1929?
1
What is the ten thousands digit of 36341?
3
What is the tens digit of 91247?
4
What is the tens digit of 24306?
0
What is the units digit of 13097?
7
What is the tens digit of 8767?
6
What is the units digit of 809?
9
What is the hundreds digit of 3470?
4
What is the tens digit of 6584?
8
What is the tens digit of 2410?
1
What is the tens digit of 1253?
5
What is the hundreds digit of 26586?
5
What is the tens digit of 478?
7
What is the tens digit of 448?
4
What is the thousands digit of 11861?
1
What is the units digit of 134?
4
What is the hundreds digit of 834?
8
What is the tens digit of 4737?
3
What is the tens digit of 843?
4
What is the hundreds digit of 7484?
4
What is the units digit of 26975?
5
What is the thousands digit of 38500?
8
What is the hundreds digit of 21032?
0
What is the thousands digit of 1956?
1
What is the tens digit of 13348?
4
What is the hundreds digit of 4271?
2
What is the units digit of 75?
5
What is the tens digit of 99364?
6
What is the thousands digit of 67251?
7
What is the hundreds digit of 7598?
5
What is the thousands digit of 5859?
5
What is the units digit of 12606?
6
What is the thousands digit of 10694?
0
What is the tens digit of 14232?
3
What is the ten thousands digit of 27081?
2
What is the hundreds digit of